{"id":3574,"date":"2017-07-06T17:00:40","date_gmt":"2017-07-06T15:00:40","guid":{"rendered":"https:\/\/www.medikayl.lu\/apotheke\/"},"modified":"2025-07-10T12:50:18","modified_gmt":"2025-07-10T10:50:18","slug":"apotheke","status":"publish","type":"page","link":"https:\/\/www.medikayl.lu\/de\/apotheke\/","title":{"rendered":"Apotheke"},"content":{"rendered":"<p>[vc_row rt_row_background_width=&#8220;fullwidth&#8220; rt_row_content_width=&#8220;default&#8220; rt_row_style=&#8220;default-style&#8220; rt_row_borders=&#8220;&#8220; rt_row_shadows=&#8220;&#8220; rt_row_paddings=&#8220;true&#8220; rt_bg_effect=&#8220;classic&#8220; rt_bg_image_repeat=&#8220;repeat&#8220; rt_bg_size=&#8220;cover&#8220; rt_bg_position=&#8220;right top&#8220; rt_bg_attachment=&#8220;scroll&#8220; rt_bg_video_format=&#8220;self-hosted&#8220;][vc_column rt_column_shadow=&#8220;&#8220; rt_bg_image_repeat=&#8220;repeat&#8220; rt_bg_size=&#8220;auto auto&#8220; rt_bg_attachment=&#8220;scroll&#8220;][vc_column_text]Marie-Claude Roller und ihr kompetentes Team hei\u00dfen Sie herzlich willkommen und haben immer ein offenes Ohr f\u00fcr Sie, egal welches Problem Sie haben. Kompetente Beratung steht bei uns an erster Stelle. <\/p>\n<p>Wir verf\u00fcgen \u00fcber multidisziplin\u00e4res Personal, das in Allopathie, Phytotherapie, Hom\u00f6opathie, Bandagierung, Krampfaderstr\u00fcmpfe und nicht zu vergessen eine Kosmetikerin qualifiziert ist.<\/p>\n<p>\u00d6ffnungszeiten <strong>Montag bis Freitag 8.30 bis 12.00 Uhr und 14.00 bis 18.30 Uhr<\/strong>[\/vc_column_text][\/vc_column][\/vc_row]<\/p>\n","protected":false},"excerpt":{"rendered":"<p>[vc_row rt_row_background_width=&#8220;fullwidth&#8220; rt_row_content_width=&#8220;default&#8220; rt_row_style=&#8220;default-style&#8220; rt_row_borders=&#8220;&#8220; rt_row_shadows=&#8220;&#8220; rt_row_paddings=&#8220;true&#8220; rt_bg_effect=&#8220;classic&#8220; rt_bg_image_repeat=&#8220;repeat&#8220; rt_bg_size=&#8220;cover&#8220; rt_bg_position=&#8220;right top&#8220; rt_bg_attachment=&#8220;scroll&#8220; rt_bg_video_format=&#8220;self-hosted&#8220;][vc_column rt_column_shadow=&#8220;&#8220; rt_bg_image_repeat=&#8220;repeat&#8220; rt_bg_size=&#8220;auto auto&#8220; rt_bg_attachment=&#8220;scroll&#8220;][vc_column_text]Marie-Claude Roller und ihr kompetentes Team hei\u00dfen Sie herzlich willkommen und haben immer ein offenes Ohr f\u00fcr Sie, egal welches Problem Sie haben. Kompetente Beratung steht bei uns an erster Stelle. Wir verf\u00fcgen \u00fcber multidisziplin\u00e4res Personal, das &#8230; <a class=\"more-link\" href=\"https:\/\/www.medikayl.lu\/de\/apotheke\/\">Continue reading<\/a><\/p>\n","protected":false},"author":2,"featured_media":0,"parent":0,"menu_order":5,"comment_status":"closed","ping_status":"closed","template":"","meta":{"footnotes":""},"class_list":["post-3574","page","type-page","status-publish","hentry"],"_links":{"self":[{"href":"https:\/\/www.medikayl.lu\/de\/wp-json\/wp\/v2\/pages\/3574","targetHints":{"allow":["GET"]}}],"collection":[{"href":"https:\/\/www.medikayl.lu\/de\/wp-json\/wp\/v2\/pages"}],"about":[{"href":"https:\/\/www.medikayl.lu\/de\/wp-json\/wp\/v2\/types\/page"}],"author":[{"embeddable":true,"href":"https:\/\/www.medikayl.lu\/de\/wp-json\/wp\/v2\/users\/2"}],"replies":[{"embeddable":true,"href":"https:\/\/www.medikayl.lu\/de\/wp-json\/wp\/v2\/comments?post=3574"}],"version-history":[{"count":3,"href":"https:\/\/www.medikayl.lu\/de\/wp-json\/wp\/v2\/pages\/3574\/revisions"}],"predecessor-version":[{"id":3577,"href":"https:\/\/www.medikayl.lu\/de\/wp-json\/wp\/v2\/pages\/3574\/revisions\/3577"}],"wp:attachment":[{"href":"https:\/\/www.medikayl.lu\/de\/wp-json\/wp\/v2\/media?parent=3574"}],"curies":[{"name":"wp","href":"https:\/\/api.w.org\/{rel}","templated":true}]}}

<p>[vc_row rt_row_background_width=&#8220;fullwidth&#8220; rt_row_content_width=&#8220;default&#8220; rt_row_style=&#8220;default-style&#8220; rt_row_borders=&#8220;&#8220; rt_row_shadows=&#8220;&#8220; rt_row_paddings=&#8220;true&#8220; rt_bg_effect=&#8220;classic&#8220; rt_bg_image_repeat=&#8220;repeat&#8220; rt_bg_size=&#8220;cover&#8220; rt_bg_position=&#8220;right top&#8220; rt_bg_attachment=&#8220;scroll&#8220; rt_bg_video_format=&#8220;self-hosted&#8220;][vc_column rt_column_shadow=&#8220;&#8220; rt_bg_image_repeat=&#8220;repeat&#8220; rt_bg_size=&#8220;auto auto&#8220; rt_bg_attachment=&#8220;scroll&#8220;][vc_column_text]Marie-Claude Roller und ihr kompetentes Team heißen Sie herzlich willkommen und haben immer ein offenes Ohr für Sie, egal welches Problem Sie haben. Kompetente Beratung steht bei uns an erster Stelle. </p>
<p>Wir verfügen über multidisziplinäres Personal, das in Allopathie, Phytotherapie, Homöopathie, Bandagierung, Krampfaderstrümpfe und nicht zu vergessen eine Kosmetikerin qualifiziert ist.</p>
<p>Öffnungszeiten <strong>Montag bis Freitag 8.30 bis 12.00 Uhr und 14.00 bis 18.30 Uhr</strong>[/vc_column_text][/vc_column][/vc_row]</p>

<p>[vc_row rt_row_background_width=&#8220;fullwidth&#8220; rt_row_content_width=&#8220;default&#8220; rt_row_style=&#8220;default-style&#8220; rt_row_borders=&#8220;&#8220; rt_row_shadows=&#8220;&#8220; rt_row_paddings=&#8220;true&#8220; rt_bg_effect=&#8220;classic&#8220; rt_bg_image_repeat=&#8220;repeat&#8220; rt_bg_size=&#8220;cover&#8220; rt_bg_position=&#8220;right top&#8220; rt_bg_attachment=&#8220;scroll&#8220; rt_bg_video_format=&#8220;self-hosted&#8220;][vc_column rt_column_shadow=&#8220;&#8220; rt_bg_image_repeat=&#8220;repeat&#8220; rt_bg_size=&#8220;auto auto&#8220; rt_bg_attachment=&#8220;scroll&#8220;][vc_column_text]Marie-Claude Roller und ihr kompetentes Team heißen Sie herzlich willkommen und haben immer ein offenes Ohr für Sie, egal welches Problem Sie haben. Kompetente Beratung steht bei uns an erster Stelle. Wir verfügen über multidisziplinäres Personal, das &#8230; <a class="more-link" href="https://www.medikayl.lu/de/apotheke/">Continue reading</a></p>
